?
3
Let p be (14/4 + -3)*74. What is the units digit of p/4 - 6/(-8)?
0
Let o(x) = 8*x**2 + x. Let h be o(-1). What is the units digit of -12*3/(-42)*h?
6
Suppose 2*t + 74 = b - 0*b, 3*t + 104 = 5*b. Let m = t + 59. What is the tens digit of m?
2
What is the hundreds digit of 135 - 14 - -5*1?
1
Let y(z) = z + 6. Let l be y(5). Suppose 0 = -u + 4 - 2. Suppose -u*a + l = -5. What is the units digit of a?
8
Let w(i) = -21*i + 7. What is the units digit of w(-2)?
9
Let m = 259 - 177. What is the units digit of m?
2
Suppose 0 = -4*d + 43 + 61. What is the tens digit of d?
2
Suppose -6*t + 215 = -t. What is the tens digit of t?
4
Suppose -2*p + 3*q = -3, -5*p + q = -0*q + 25. Suppose 0 = -3*y - 4*k + 37, 2*y + 5*k = 20. Let i = p + y. What is the units digit of i?
9
Suppose -6*p + 44 = n - p, 0 = -2*n + 3*p + 36. What is the units digit of n?
4
Let o(i) = -i. Let k = -13 + 7. Let n be o(k). Suppose r = n*r - 80. What is the tens digit of r?
1
Suppose -5 = k, -3*k + 1329 = 4*n - 0*k. Suppose -5*x = -x + n. What is the units digit of x/(-15) + (-4)/(-10)?
6
Suppose 2*n + n = 3. What is the units digit of n?
1
Let f(a) = 7 + 4 - 5 - 1 + a. Let z be f(-5). Let q(l) = -l + 10. What is the units digit of q(z)?
0
Let n(g) = 147*g + 11. What is the tens digit of n(1)?
5
Suppose -c - 3 = 0, 5*x - 5*c + 72 + 18 = 0. Suppose 2*y - 56 = 5*m - y, y = -4*m - 55. Let d = m - x. What is the units digit of d?
8
Let c = 16 - 4. What is the tens digit of c?
1
Let o be ((-10)/8)/(1/4). Let v(n) = -3*n + 5*n - 2 + 1 - 3*n. What is the units digit of v(o)?
4
Let m = -17 + 22. Suppose 0*l - 3*l + 23 = -5*q, 17 = 5*l - 3*q. Suppose -m*d = -4*d - l. What is the units digit of d?
1
What is the units digit of (-1)/(-6) + 1127/42?
7
Let y(u) = -u + 11. Let n be y(5). Let l(c) = -3*c**2 - 17*c + 5. Let b(f) = -f**2 - 8*f + 3. Let w(j) = 5*b(j) - 2*l(j). What is the units digit of w(n)?
5
Suppose -148 = -5*t + t. What is the units digit of t?
7
What is the tens digit of 2 - 3 - -1 - (4 - 39)?
3
Let t be (-11 + 1)*(-3)/6. Suppose 4*y - t - 11 = 0. Suppose -3*o = -y*o + 8. What is the units digit of o?
8
What is the units digit of -2 - -1*(-95)/(-1)?
3
Let v = -4 + -10. What is the units digit of (-52)/v + 2/7?
4
Let t(g) = -g**2 + 11*g + 6. Let m be t(8). Suppose -m = -0*w - w. What is the units digit of 102/w - (-4)/(-10)?
3
What is the hundreds digit of (-10)/2 - (0 + -277)?
2
Let l(p) = -p**3 + 5*p**2 + 4. Let k be l(5). Suppose 3*m - k*m - 2*z + 26 = 0, m - 17 = z. What is the tens digit of m?
2
Suppose 0 = -2*h - x + 5, -3*h - 5*x = -0*x - 25. Suppose -j = 3*y - 103 + 21, h = 2*y - 2*j - 44. What is the tens digit of y?
2
Suppose -2*y - y - 3 = 3*g, 2*y + 5*g = -5. What is the units digit of (10 - 0) + -2 - y?
8
Let x(t) be the second derivative of -t**3/6 + 7*t**2/2 + 2*t. What is the units digit of x(6)?
1
Suppose 726 = 5*g + 3*p, 5*g = p - 49 + 767. What is the tens digit of g?
4
Suppose -q = q - 8. Suppose x - 5*r + 24 = q*x, -x + 15 = 4*r. What is the units digit of x?
3
Suppose 4*i - 294 = -102. What is the units digit of i?
8
Let g be ((-2)/(-1))/((-2)/73). What is the units digit of 4/10 + g/(-5)?
5
Suppose -1 = j - 3. What is the units digit of j/(-3)*(-3 + -12)?
0
Suppose -4*p + 6*p = -4*u + 70, 5*p + 41 = 2*u. Let v be (-2)/(-4) - u/(-4). Let i = 10 - v. What is the units digit of i?
5
Let x(a) = -3*a + 1. What is the tens digit of x(-8)?
2
Let t = 5 + -6. Let j = t + 3. What is the units digit of j?
2
Let m(w) = -12*w + 2. Let y be m(3). Let f = -14 - y. What is the units digit of f?
0
Suppose 2*r - 2*f = 7*r + 10, 0 = 2*r - f + 4. Let k(b) = 4*b**3 - 2*b**3 - 1 - 3*b**2 - 2*b - 4*b**3. What is the units digit of k(r)?
7
Let d(c) = -4*c**3 - 2*c - 1. Let w be d(-1). Suppose 5*s - 78 = 3*x, -w*s - x = 4*x - 70. What is the tens digit of s?
1
Let j(x) = x**3 + 6*x**2 + 6*x + 6. Suppose 4*f + 15 = f. What is the units digit of j(f)?
1
Suppose 4*n = 89 + 79. What is the units digit of n?
2
Let f = -26 + 43. Suppose -d + f = -4*a + 42, 4*d = 12. What is the units digit of a?
7
Let t(p) = -p + 1. Let g be t(-2). Suppose -v + 0*v + 5*x = -39, -g*v - x + 53 = 0. What is the units digit of v?
9
Suppose 0 = -4*o - o - 15. What is the units digit of 1/((o/(-1))/6)?
2
Let y = 8 + -13. Let o = y - -7. What is the units digit of o?
2
Suppose -5*h - 4 - 6 = 5*l, h + 4 = 0. Suppose 5*p - 21 = 2*x - 3*x, -5*p + 52 = l*x. What is the tens digit of x?
3
Suppose -3*m - 21 = 5*o, 2*m = o - 21 + 7. Let g = 25 - m. What is the tens digit of g?
3
Let j = 144 - 68. What is the units digit of j?
6
Suppose k = -5*l + 160, 3*l = -l + 2*k + 142. What is the tens digit of l?
3
Suppose 22*n - 12 = 18*n. What is the units digit of n?
3
Let a = 96 - 166. Let s = 106 + a. Suppose -m - 2*l - 9 = -2*m, s = 4*m + l. What is the units digit of m?
9
Suppose 0 = -p - 4, u + 3*p = -2*p + 200. What is the hundreds digit of u?
2
Let w = -2 + 155. What is the tens digit of w?
5
What is the units digit of 3/2*(-14 - -16)?
3
Let d = 4 - 5. Let k = d + 6. What is the units digit of k?
5
Let s = 25 - 11. Suppose 3*r - s - 34 = 0. What is the units digit of r?
6
Suppose 8*y - 13*y = -1480. What is the tens digit of y?
9
Suppose 0*j + 3*j - 3 = 0. What is the units digit of j?
1
Let o be ((-2)/(-5))/((-1)/(-10)). Let k be (3 - -5)/((-2)/o). What is the units digit of 3/2*k/(-6)?
4
Let a be -4*(-3)/6 - -2. Let z = 14 + -2. Suppose -3*i = 3*q - 21, -a*q + 36 = 3*i + z. What is the units digit of q?
3
Let z = -2 - -2. Let j be 4 + -3 + (1 - z). Let r = j - -2. What is the units digit of r?
4
Let t(i) = 4*i**2 - 1 + i - 2*i - i. Let c be t(-1). Suppose c*g = 3*g + 16. What is the units digit of g?
8
Suppose -30 = -4*t - 10. Let v(f) = 4*f + 6. Let w be v(t). Suppose -4*g + w = 6. What is the units digit of g?
5
Suppose -4 = -x - 0. Suppose -d = x*d - 185. Suppose 5*g - 3*w - 71 = 0, 5*g - d = 2*g - w. What is the tens digit of g?
1
Suppose -2*h = 5*c - 60, 0*h - 5*h = 5*c - 75. Suppose -2*z - 2*v + 335 = 3*z, 2*v = c. Suppose 5*x = -5*q + z, 38 = 3*x + 5*q - q. What is the tens digit of x?
1
Suppose 0*g + 769 = 5*w - g, -4*w + 604 = 2*g. What is the tens digit of w?
5
Suppose 0 = 4*h - 367 + 35. What is the units digit of h?
3
What is the tens digit of (-2)/(((-28)/64)/7)?
3
Let y(u) = 15*u**2 - 9*u + 3. What is the tens digit of y(-3)?
6
Let h(p) = -4*p - 1. Let g be h(-1). Suppose 23 - g = -4*m - 5*l, 5*l = -20. What is the units digit of (-8)/(2 + m + -3)?
8
Let l(v) = 3*v**2 - 8*v + 4. Let k be l(3). Suppose 0 = 3*q - 4*q + 9. Let b = q - k. What is the units digit of b?
2
What is the tens digit of 3/2*(10 - -6)?
2
Let q(l) = 2 - 3*l**2 + 6*l + 8 + 2*l**2. Let r be q(7). Suppose -r*s = 3*p, 0 = 6*s - 3*s - p - 20. What is the units digit of s?
5
Let r(w) = -7*w + 8. What is the units digit of r(-3)?
9
Suppose -5*c = -22 - 8. Suppose 0 = -3*d - 3*x + c + 18, 0 = 2*d - x - 25. What is the tens digit of d?
1
Let d(w) = w**3 + 7*w**2 - 8. Suppose -36 + 6 = 5*t. What is the tens digit of d(t)?
2
Let s = -1 - -3. Suppose 0 = -6*n + s*n + 20. What is the units digit of n?
5
Let y(b) = b**2 + 24. What is the units digit of y(0)?
4
Suppose 2*g = 2*q + q + 9, -3*g + 4*q = -12. What is the tens digit of 2 + g - (-18 + -7)?
2
Let t(r) = r**2. Let f = 9 + -10. Let p be t(f). Suppose 3*b = p + 47. What is the units digit of b?
6
What is the units digit of 15/6 + 1/(-2) - -6?
8
Suppose 103 - 23 = 4*p. What is the tens digit of p?
2
Let j(b) = b**2 - 2*b - 3. Let y be j(5). What is the units digit of (21/(-6))/((-3)/y)?
4
Let l(x) be the third derivative of -x**6/120 - x**5/15 - x**4/24 + 5*x**3/6 + 3*x**2. What is the units digit of l(-4)?
9
Let x = 3 - -2. Let y(n) be the second derivative of -n**5/20 + n**4/3 + n**3 + 46*n. What is the units digit of y(x)?
5
Suppose -61 = 4*g + 5*k, 3*g + 55 = -2*k + 11. Let w be g/18 + 10/(-45). What is the units digit of (7*w)/(3 - 4)?
7
Suppose a + 3*i = 11, -15 = 3*a - i - 48. What is the tens digit of a?
1
Suppose 0*d - 5*d = 20. Let u = 5 + d. What is the units digit of u?
1
Let k = -3 - -21. What is the units digit of k?
8
Suppose 111 = g - 44. What is the hundreds digit of g?
1
Suppose s + 2 = 1. Let p be (s - 3*-1) + 0. What is the units digit of 15/2 + (-1)/p?
7
Suppose 0*q = 